{"id":3384,"date":"2021-05-31T12:13:22","date_gmt":"2021-05-31T10:13:22","guid":{"rendered":"http:\/\/lapratique.org\/?page_id=3384"},"modified":"2022-11-10T14:46:03","modified_gmt":"2022-11-10T13:46:03","slug":"location","status":"publish","type":"page","link":"http:\/\/lapratique.org\/lapratiquebk\/?page_id=3384","title":{"rendered":"Location"},"content":{"rendered":"<p><strong>Besoin d&rsquo;un espace pour travailler vos projets ?<\/strong><\/p>\n<p style=\"text-align: justify;\">\u00c0 seulement 1h30 de train de Paris, La Pratique propose son studio et son h\u00e9bergement \u00e0 la location.<\/p>\n<hr \/>\n<ul>\n<li style=\"text-align: justify;\"><strong>Studio :<\/strong><em><strong><br \/>\n<\/strong><\/em><\/li>\n<\/ul>\n<p style=\"text-align: justify;\">Un grand studio de r\u00e9p\u00e9tition d\u00e9di\u00e9 au spectacle vivant (cirque, danse, th\u00e9\u00e2tre, musique, \u2026)<\/p>\n<p style=\"text-align: justify;\"><a href=\"http:\/\/lapratique.org\/lapratiquebk\/wp-content\/uploads\/2019\/03\/Fiche-technique-studio.pdf\" target=\"_blank\" rel=\"noopener noreferrer\">Fiche technique du studio<\/a><\/p>\n<p style=\"text-align: justify;\"><a href=\"http:\/\/lapratique.org\/lapratiquebk\/wp-content\/uploads\/2019\/03\/plan-studio.pdf\" target=\"_blank\" rel=\"noopener noreferrer\">Plan du studio<\/a><\/p>\n<hr \/>\n<ul>\n<li style=\"text-align: justify;\"><strong>Maison des artistes :<\/strong><\/li>\n<\/ul>\n<p style=\"text-align: justify;\">6 chambres : 2 avec grand lit, 2 avec 2 petits lits, 1 avec 1 petit lit et le \u00ab\u00a0grenier\u00a0\u00bb avec 1 grand lit, 1 canap\u00e9-lit et 1 petit lit.<\/p>\n<p style=\"text-align: justify;\">Cuisine commune \u00e9quip\u00e9e (r\u00e9frig\u00e9rateur, cuisini\u00e8re, micro-ondes, tables, vaisselle, lave-vaisselle, \u2026), 2 salles de bains, 2 toilettes<\/p>\n<hr \/>\n<ul>\n<li style=\"text-align: justify;\"><strong>Espace d\u2019accueil :<\/strong><\/li>\n<\/ul>\n<p style=\"text-align: justify;\">Sanitaires, douches et vestiaire<\/p>\n<hr \/>\n<p style=\"text-align: justify;\"><strong>Contacts :<\/strong><\/p>\n<p style=\"text-align: justify;\">info@lapratique.org ou 06 95 24 61 46<\/p>\n","protected":false},"excerpt":{"rendered":"<p>Besoin d&rsquo;un espace pour travailler vos projets ? \u00c0 seulement 1h30 de train de Paris, La Pratique propose son studio et son h\u00e9bergement \u00e0 la location. Studio : Un grand studio de r\u00e9p\u00e9tition d\u00e9di\u00e9 au spectacle vivant (cirque, danse, th\u00e9\u00e2tre, musique, \u2026) Fiche technique du studio Plan du studio Maison des artistes : 6 chambres &hellip; <\/p>\n<p class=\"link-more\"><a href=\"http:\/\/lapratique.org\/lapratiquebk\/?page_id=3384\" class=\"more-link\">Continuer la lecture<span class=\"screen-reader-text\"> de &laquo;&nbsp;Location&nbsp;&raquo;<\/span><\/a><\/p>\n","protected":false},"author":2,"featured_media":3405,"parent":0,"menu_order":0,"comment_status":"closed","ping_status":"closed","template":"","meta":{"footnotes":""},"_links":{"self":[{"href":"http:\/\/lapratique.org\/lapratiquebk\/index.php?rest_route=\/wp\/v2\/pages\/3384"}],"collection":[{"href":"http:\/\/lapratique.org\/lapratiquebk\/index.php?rest_route=\/wp\/v2\/pages"}],"about":[{"href":"http:\/\/lapratique.org\/lapratiquebk\/index.php?rest_route=\/wp\/v2\/types\/page"}],"author":[{"embeddable":true,"href":"http:\/\/lapratique.org\/lapratiquebk\/index.php?rest_route=\/wp\/v2\/users\/2"}],"replies":[{"embeddable":true,"href":"http:\/\/lapratique.org\/lapratiquebk\/index.php?rest_route=%2Fwp%2Fv2%2Fcomments&post=3384"}],"version-history":[{"count":19,"href":"http:\/\/lapratique.org\/lapratiquebk\/index.php?rest_route=\/wp\/v2\/pages\/3384\/revisions"}],"predecessor-version":[{"id":3705,"href":"http:\/\/lapratique.org\/lapratiquebk\/index.php?rest_route=\/wp\/v2\/pages\/3384\/revisions\/3705"}],"wp:featuredmedia":[{"embeddable":true,"href":"http:\/\/lapratique.org\/lapratiquebk\/index.php?rest_route=\/wp\/v2\/media\/3405"}],"wp:attachment":[{"href":"http:\/\/lapratique.org\/lapratiquebk\/index.php?rest_route=%2Fwp%2Fv2%2Fmedia&parent=3384"}],"curies":[{"name":"wp","href":"https:\/\/api.w.org\/{rel}","templated":true}]}}