{"id":2355,"date":"2018-08-31T14:51:19","date_gmt":"2018-08-31T12:51:19","guid":{"rendered":"http:\/\/lapratique.org\/?page_id=2355"},"modified":"2023-09-28T11:12:13","modified_gmt":"2023-09-28T09:12:13","slug":"appel-a-projets","status":"publish","type":"page","link":"http:\/\/lapratique.org\/lapratiquebk\/?page_id=2355","title":{"rendered":"Appel \u00e0 projets : Saison 2024 &#8211; 2025"},"content":{"rendered":"[vc_row][vc_column][vc_column_text]\n<p>\u00c0 retrouver aussi sur nos r\u00e9seaux sociaux !! @lapratique<\/p>\n<div style=\"text-align: justify;\"><em>La Pratique &#8211; atelier de fabrique artistique<\/em>\u00a0est un lieu de recherche et de cr\u00e9ation loin des circuits de production, un lieu relais, un lieu de rencontre et de partage entre des artistes de disciplines diff\u00e9rentes et le public.<\/div>\n<div style=\"text-align: justify;\">\u00a0<\/div>\n<div style=\"text-align: justify;\"><strong>Disciplines concern\u00e9es :\u00a0<\/strong>danse, th\u00e9\u00e2tre, musique, marionnettes, vid\u00e9o.<\/div>\n<div>\n<p style=\"text-align: justify;\">Pour nous proposer votre projet, t\u00e9l\u00e9chargez les documents ci-dessous et faites-nous parvenir votre dossier accompagn\u00e9 du formulaire rempli avant le <b>27 octobre 2023.\u00a0<\/b><\/p>\n<\/div>\n\n\n<div class=\"wp-block-buttons is-layout-flex wp-block-buttons-is-layout-flex\">\n<div class=\"wp-block-button\"><a class=\"wp-block-button__link wp-element-button\" href=\"http:\/\/lapratique.org\/lapratiquebk\/wp-content\/uploads\/2023\/09\/AAP-24-25.pdf\">T\u00e9l\u00e9chargez l&rsquo;appel \u00e0 projets de la saison 2024 &#8211; 2025<\/a><\/div>\n\n\n\n<div class=\"wp-block-button\"><a class=\"wp-block-button__link wp-element-button\" href=\"http:\/\/lapratique.org\/lapratiquebk\/wp-content\/uploads\/2023\/09\/Formulaire.pdf\">Formulaire de candidature r\u00e9sidences Saison 2024 &#8211; 2025<\/a><\/div>\n<\/div>\n","protected":false},"excerpt":{"rendered":"<p>[vc_row][vc_column][vc_column_text] \u00c0 retrouver aussi sur nos r\u00e9seaux sociaux !! @lapratique La Pratique &#8211; atelier de fabrique artistique\u00a0est un lieu de recherche et de cr\u00e9ation loin des circuits de production, un lieu relais, un lieu de rencontre et de partage entre des artistes de disciplines diff\u00e9rentes et le public. \u00a0 Disciplines concern\u00e9es :\u00a0danse, th\u00e9\u00e2tre, musique, marionnettes, &hellip; <\/p>\n<p class=\"link-more\"><a href=\"http:\/\/lapratique.org\/lapratiquebk\/?page_id=2355\" class=\"more-link\">Continuer la lecture<span class=\"screen-reader-text\"> de &laquo;&nbsp;Appel \u00e0 projets : Saison 2024 &#8211; 2025&nbsp;&raquo;<\/span><\/a><\/p>\n","protected":false},"author":2,"featured_media":2359,"parent":0,"menu_order":0,"comment_status":"closed","ping_status":"closed","template":"","meta":{"footnotes":""},"_links":{"self":[{"href":"http:\/\/lapratique.org\/lapratiquebk\/index.php?rest_route=\/wp\/v2\/pages\/2355"}],"collection":[{"href":"http:\/\/lapratique.org\/lapratiquebk\/index.php?rest_route=\/wp\/v2\/pages"}],"about":[{"href":"http:\/\/lapratique.org\/lapratiquebk\/index.php?rest_route=\/wp\/v2\/types\/page"}],"author":[{"embeddable":true,"href":"http:\/\/lapratique.org\/lapratiquebk\/index.php?rest_route=\/wp\/v2\/users\/2"}],"replies":[{"embeddable":true,"href":"http:\/\/lapratique.org\/lapratiquebk\/index.php?rest_route=%2Fwp%2Fv2%2Fcomments&post=2355"}],"version-history":[{"count":60,"href":"http:\/\/lapratique.org\/lapratiquebk\/index.php?rest_route=\/wp\/v2\/pages\/2355\/revisions"}],"predecessor-version":[{"id":6257,"href":"http:\/\/lapratique.org\/lapratiquebk\/index.php?rest_route=\/wp\/v2\/pages\/2355\/revisions\/6257"}],"wp:featuredmedia":[{"embeddable":true,"href":"http:\/\/lapratique.org\/lapratiquebk\/index.php?rest_route=\/wp\/v2\/media\/2359"}],"wp:attachment":[{"href":"http:\/\/lapratique.org\/lapratiquebk\/index.php?rest_route=%2Fwp%2Fv2%2Fmedia&parent=2355"}],"curies":[{"name":"wp","href":"https:\/\/api.w.org\/{rel}","templated":true}]}}