{"id":181,"date":"2016-11-04T15:33:44","date_gmt":"2016-11-04T15:33:44","guid":{"rendered":"http:\/\/webredox.net\/demo\/wp\/waldo\/?page_id=181"},"modified":"2017-02-28T17:26:23","modified_gmt":"2017-02-28T16:26:23","slug":"unlieuderecherche","status":"publish","type":"page","link":"http:\/\/lapratique.org\/lapratiquebk\/?page_id=181","title":{"rendered":"Un lieu de recherche"},"content":{"rendered":"[vc_row][vc_column width=\u00a0\u00bb1\/2&Prime;]<div class=\"col-md-6 col-md-height col-md-middle\" style=\" \"><div class=\"split-box-content \" ><div class=\"padding-30\" >\n<h2>&#8211; <em><strong>Les R\u00e9sidences interdisciplinaires<\/strong><\/em><\/h2>\n<p>Dans le cadre de ces r\u00e9sidences, 6 artistes de disciplines diff\u00e9rentes sont invit\u00e9s \u00e0 venir travailler pendant une semaine \u00e0 La Pratique, en compagnie d\u2019un artiste de leur choix. Les 12 artistes sont h\u00e9berg\u00e9s et nourris sur place et ils ont libre acc\u00e8s \u00e0 tous les espaces de La Pratique. Ils travaillent c\u00f4te \u00e0 c\u00f4te ou ensemble, partagent les repas, ainsi que les moments de la vie quotidienne. \u00e0 l\u2019issue des ces r\u00e9sidences, les portes sont ouvertes au public, spectateurs avertis et passants curieux, pour un moment convivial, pendant lequel les artistes pr\u00e9sentent leurs travaux.<\/p>\n<p>Dans un milieu rural, o\u00f9 l\u2019art et \u00e0 la culture sont souvent jug\u00e9s d\u2019un acc\u00e8s difficile, cet espace, qui n\u2019est ni un th\u00e9\u00e2tre ni un mus\u00e9e, permet au public de trouver des \u00ab cl\u00e9s \u00bb, de dialoguer et d\u2019\u00e9changer avec les artistes. Depuis 2011, 4 r\u00e9sidences interdisciplinaires ont d\u00e9j\u00e0 eu lieu.<\/p>\n<\/div><\/div><\/div>[\/vc_column][vc_column width=\u00a0\u00bb1\/2&Prime;]<div class=\"col-md-6 col-md-height split-box-image cover-right  no-padding bg-image\" style=\"background-image: url(http:\/\/lapratique.org\/lapratiquebk\/wp-content\/uploads\/2017\/02\/IMG_79051.jpg); background-position: 50% 50%;\"><div class=\"sbi-height padding-height-85\" ><\/div><\/div>[\/vc_column][\/vc_row][vc_row][vc_column]<div class=\"col-md-6 col-md-height col-md-middle\" style=\" \"><div class=\"split-box-content \" ><div class=\"padding-30\" ><a class=\"btn btn-dark btn-lg margin-top-30\" href=\"http:\/\/lapratique.org\/lapratiquebk\/fr\/residences\/\">Artistes en r\u00e9sidences<\/a> <a class=\"btn btn-primary btn-lg margin-top-30\" href=\"http:\/\/lapratique.org\/lapratiquebk\/fr\/contact\/\">Nous contacter<\/a><\/div><\/div><\/div>[\/vc_column][\/vc_row]\n","protected":false},"excerpt":{"rendered":"<p>[vc_row][vc_column width=\u00a0\u00bb1\/2&Prime;][\/vc_column][vc_column width=\u00a0\u00bb1\/2&Prime;][\/vc_column][\/vc_row][vc_row][vc_column][\/vc_column][\/vc_row]<\/p>\n","protected":false},"author":1,"featured_media":1220,"parent":0,"menu_order":0,"comment_status":"closed","ping_status":"closed","template":"","meta":{"footnotes":""},"_links":{"self":[{"href":"http:\/\/lapratique.org\/lapratiquebk\/index.php?rest_route=\/wp\/v2\/pages\/181"}],"collection":[{"href":"http:\/\/lapratique.org\/lapratiquebk\/index.php?rest_route=\/wp\/v2\/pages"}],"about":[{"href":"http:\/\/lapratique.org\/lapratiquebk\/index.php?rest_route=\/wp\/v2\/types\/page"}],"author":[{"embeddable":true,"href":"http:\/\/lapratique.org\/lapratiquebk\/index.php?rest_route=\/wp\/v2\/users\/1"}],"replies":[{"embeddable":true,"href":"http:\/\/lapratique.org\/lapratiquebk\/index.php?rest_route=%2Fwp%2Fv2%2Fcomments&post=181"}],"version-history":[{"count":9,"href":"http:\/\/lapratique.org\/lapratiquebk\/index.php?rest_route=\/wp\/v2\/pages\/181\/revisions"}],"predecessor-version":[{"id":1333,"href":"http:\/\/lapratique.org\/lapratiquebk\/index.php?rest_route=\/wp\/v2\/pages\/181\/revisions\/1333"}],"wp:featuredmedia":[{"embeddable":true,"href":"http:\/\/lapratique.org\/lapratiquebk\/index.php?rest_route=\/wp\/v2\/media\/1220"}],"wp:attachment":[{"href":"http:\/\/lapratique.org\/lapratiquebk\/index.php?rest_route=%2Fwp%2Fv2%2Fmedia&parent=181"}],"curies":[{"name":"wp","href":"https:\/\/api.w.org\/{rel}","templated":true}]}}