{"id":1434,"date":"2017-03-02T10:29:00","date_gmt":"2017-03-02T09:29:00","guid":{"rendered":"http:\/\/lapratique.org\/?page_id=1434"},"modified":"2022-11-29T10:01:40","modified_gmt":"2022-11-29T09:01:40","slug":"partenaires","status":"publish","type":"page","link":"http:\/\/lapratique.org\/lapratiquebk\/?page_id=1434","title":{"rendered":"Partenaires"},"content":{"rendered":"<p style=\"text-align: left;\">Qu\u2019ils soient soutiens financiers, partenaires de l\u2019action culturelle ou encore partenaires artistiques, les partenaires de La Pratique, atelier de fabrique artistique &#8211; R\u00e9sid<em>a<\/em>nses pluridisciplinaires &#8211; constituent un soutien essentiel dans la r\u00e9alisation et le d\u00e9veloppement du projet.<\/p>\n<p style=\"text-align: center;\"><div id=\"grid-gallery-5-5303\" data-gg-id=\"5\" data-title=\"partenaires\" data-grid-type=\"2\" data-offset=\"5.3\" data-area-position=\"center\" data-icons=\"\" data-preloader=\"true\" data-width=\"auto\" data-height=\"150\" data-padding=\"0\" data-quicksand=\"disabled\" data-quicksand-duration=\"none\" data-popup-theme=\"theme_6\" data-popup-type=\"pretty-photo\" data-popup-image-text=\"data-description\" data-popup-widthsize=\"auto\" data-popup-heightsize=\"auto\" data-popup-i18n-words=\"{&quot;close&quot;:&quot;fermer&quot;,&quot;next&quot;:&quot;suivant&quot;,&quot;previous&quot;:&quot;pr\\u00e9c\\u00e9dent&quot;,&quot;start_slideshow&quot;:&quot;d\\u00e9marrer le diaporama&quot;,&quot;stop_slideshow&quot;:&quot;arr\\u00e9ter le diaporama&quot;,&quot;image&quot;:&quot;image&quot;,&quot;of&quot;:&quot;de&quot;,&quot;prev&quot;:&quot;pr\\u00e9c.&quot;,&quot;cExpand&quot;:&quot;Agrandir&quot;,&quot;cPrevious&quot;:&quot;Pr\\u00e9c\\u00e9dent&quot;,&quot;cNext&quot;:&quot;Suivant&quot;,&quot;cExpandStr&quot;:&quot;Agrandir l&#039;image&quot;,&quot;cRotate&quot;:&quot;Pivoter&quot;,&quot;cDetails&quot;:&quot;Details&quot;}\" data-popup-slideshow=\"false\" data-popup-slideshow-speed=\"2500\" data-popup-hoverstop=\"false\" data-popup-slideshow-auto=\"false\" data-popup-background=\"\" data-popup-transparency=\"30\" data-popup-disable-history=\"\" data-popup-disable-changed-url=\"\" data-popup-border-type=\"\" data-popup-border-color=\"\" data-popup-border-width=\"\" data-popup-border-enable=\"\" data-fullscreen=\"false\" data-hide-tooltip=\"false\" data-caption-font-family=\"Default\" data-caption-text-size=\"140\" data-is-mobile=\"0\" data-caption-mobile=\"false\" data-hide-long-tltp-title=\"0\" data-caption-disabled-on-mobile=\"false\" data-popup-placement-type=\"0\" data-social-sharing=\"{&quot;enabled&quot;:&quot;&quot;,&quot;gallerySharing&quot;:{&quot;enabled&quot;:null,&quot;position&quot;:null},&quot;imageSharing&quot;:{&quot;enabled&quot;:null,&quot;wrapperClass&quot;:&quot; vertical &quot;},&quot;popupSharing&quot;:{&quot;enabled&quot;:null,&quot;wrapperClass&quot;:&quot; vertical &quot;}}\" class=\"grid-gallery grid-gallery-fixed \" style=\" width:100%; height:auto; margin-left:auto; margin-right:auto;position:relative;\"> <div class=\"gallery-loading\"> <div class=\"blocks\"> <div class=\"block\"><\/div> <div class=\"block\"><\/div> <div class=\"block\"><\/div> <div class=\"block\"><\/div> <\/div> <\/div> <div class=\"gallery-sharing-top\"><\/div> <div id=\"photos-5\" class=\"grid-gallery-photos\"><FIGURE class=\"grid-gallery-caption\" data-grid-gallery-type=\"quarter-slide-up\" data-index=\"0\" style=\"display:none;border-radius:00;; margin:2.65px; height:1500; width:auto;\" ><div class=\"crop\" style=\"\"><img decoding=\"async\" src=\"https:\/\/lapratique.org\/lapratiquebk\/wp-content\/uploads\/2021\/06\/Logo-DRAC-2021-CMJN-1-411x150.jpg\" class=\"ggImg ggNotInitImg\" alt=\"Minist\u00e8re de la Culture et de la Communication - DRAC Centre Val de Lore\" title=\"Logo-DRAC-2021-CMJN-1\" data-description=\"Logo-DRAC-2021-CMJN-1\" data-caption=\"Minist\u00e8re de la Culture et de la Communication - DRAC Centre Val-de Loire\" data-title=\"Logo-DRAC-2021-CMJN-1\" style=\" height:150px; width:auto;\" \/><\/div><FIGCAPTION class=\"\" data-alpha=\"5\" style=\"color:#ffffff; background-color:#000000; font-size:140; text-align:left; font-family:Default;\" ><div class=\"grid-gallery-figcaption-wrap\" style=\"\"><\/div><\/FIGCAPTION><\/FIGURE><FIGURE class=\"grid-gallery-caption\" data-grid-gallery-type=\"quarter-slide-up\" data-index=\"1\" style=\"display:none;border-radius:00;; margin:2.65px; height:1500; width:auto;\" ><div class=\"crop\" style=\"\"><img decoding=\"async\" src=\"https:\/\/lapratique.org\/lapratiquebk\/wp-content\/uploads\/2022\/11\/Logotype-vert-150x150.jpg\" class=\"ggImg ggNotInitImg\" alt=\"Logotype-vert\" title=\"Logotype-vert\" data-description=\"Logotype-vert\" data-caption=\"Am\u00e9nagements r\u00e9alis\u00e9s gr\u00e2ce \u00e0 la mesure France Relance \" data-title=\"Logotype-vert\" style=\" height:150px; width:auto;\" \/><\/div><FIGCAPTION class=\"\" data-alpha=\"5\" style=\"color:#ffffff; background-color:#000000; font-size:140; text-align:left; font-family:Default;\" ><div class=\"grid-gallery-figcaption-wrap\" style=\"\"><\/div><\/FIGCAPTION><\/FIGURE><FIGURE class=\"grid-gallery-caption\" data-grid-gallery-type=\"quarter-slide-up\" data-index=\"2\" style=\"display:none;border-radius:00;; margin:2.65px; height:1500; width:auto;\" ><div class=\"crop\" style=\"\"><img decoding=\"async\" src=\"https:\/\/lapratique.org\/lapratiquebk\/wp-content\/uploads\/2017\/03\/logo-re\u0301gioncvl-264x150.png\" class=\"ggImg ggNotInitImg\" alt=\"logo-re\u0301gioncvl\" title=\"logo-re\u0301gioncvl\" data-description=\"logo-re\u0301gioncvl\" data-caption=\"R\u00e9gion Centre-Val de Loire\" data-title=\"logo-re\u0301gioncvl\" style=\" height:150px; width:auto;\" \/><\/div><FIGCAPTION class=\"\" data-alpha=\"5\" style=\"color:#ffffff; background-color:#000000; font-size:140; text-align:left; font-family:Default;\" ><div class=\"grid-gallery-figcaption-wrap\" style=\"\"><\/div><\/FIGCAPTION><\/FIGURE><FIGURE class=\"grid-gallery-caption\" data-grid-gallery-type=\"quarter-slide-up\" data-index=\"3\" style=\"display:none;border-radius:00;; margin:2.65px; height:1500; width:auto;\" ><div class=\"crop\" style=\"\"><img decoding=\"async\" src=\"https:\/\/lapratique.org\/lapratiquebk\/wp-content\/uploads\/2017\/03\/indre-150x150.jpg\" class=\"ggImg ggNotInitImg\" alt=\"indre\" title=\"indre\" data-description=\"indre\" data-caption=\"Le d\u00e9partement de l&amp;#039;Indre\" data-title=\"indre\" style=\" height:150px; width:auto;\" \/><\/div><FIGCAPTION class=\"\" data-alpha=\"5\" style=\"color:#ffffff; background-color:#000000; font-size:140; text-align:left; font-family:Default;\" ><div class=\"grid-gallery-figcaption-wrap\" style=\"\"><\/div><\/FIGCAPTION><\/FIGURE><FIGURE class=\"grid-gallery-caption\" data-grid-gallery-type=\"quarter-slide-up\" data-index=\"4\" style=\"display:none;border-radius:00;; margin:2.65px; height:1500; width:auto;\" ><div class=\"crop\" style=\"\"><img decoding=\"async\" src=\"https:\/\/lapratique.org\/lapratiquebk\/wp-content\/uploads\/2017\/02\/Logo_ville_de_Vatan-307x150.jpg\" class=\"ggImg ggNotInitImg\" alt=\"Logo_ville_de_Vatan\" title=\"Logo_ville_de_Vatan\" data-description=\"Logo_ville_de_Vatan\" data-caption=\"Ville de Vatan\" data-title=\"Logo_ville_de_Vatan\" style=\" height:150px; width:auto;\" \/><\/div><FIGCAPTION class=\"\" data-alpha=\"5\" style=\"color:#ffffff; background-color:#000000; font-size:140; text-align:left; font-family:Default;\" ><div class=\"grid-gallery-figcaption-wrap\" style=\"\"><\/div><\/FIGCAPTION><\/FIGURE><FIGURE class=\"grid-gallery-caption\" data-grid-gallery-type=\"quarter-slide-up\" data-index=\"5\" style=\"display:none;border-radius:00;; margin:2.65px; height:1500; width:auto;\" ><div class=\"crop\" style=\"\"><img decoding=\"async\" src=\"https:\/\/lapratique.org\/lapratiquebk\/wp-content\/uploads\/2020\/02\/Comcom-ch-boischauts-1-150x150.jpg\" class=\"ggImg ggNotInitImg\" alt=\"logocccv\" title=\"Comcom-ch-boischauts-1\" data-description=\"Comcom-ch-boischauts-1\" data-caption=\"Communaut\u00e9 de Communes Champagne Boischauts\" data-title=\"Comcom-ch-boischauts-1\" style=\" height:150px; width:auto;\" \/><\/div><FIGCAPTION class=\"\" data-alpha=\"5\" style=\"color:#ffffff; background-color:#000000; font-size:140; text-align:left; font-family:Default;\" ><div class=\"grid-gallery-figcaption-wrap\" style=\"\"><\/div><\/FIGCAPTION><\/FIGURE><FIGURE class=\"grid-gallery-caption\" data-grid-gallery-type=\"quarter-slide-up\" data-index=\"6\" style=\"display:none;border-radius:00;; margin:2.65px; height:1500; width:auto;\" ><div class=\"crop\" style=\"\"><img decoding=\"async\" src=\"https:\/\/lapratique.org\/lapratiquebk\/wp-content\/uploads\/2019\/07\/Centre-choregraphique-national-d-Orle\u0301ans-1-248x150.png\" class=\"ggImg ggNotInitImg\" alt=\"CCNO\" title=\"Centre-choregraphique-national-d-Orle\u0301ans-1\" data-description=\"Centre-choregraphique-national-d-Orle\u0301ans-1\" data-caption=\"Centre Chor\u00e9graphique National d&amp;#039;Orl\u00e9ans\" data-title=\"Centre-choregraphique-national-d-Orle\u0301ans-1\" style=\" height:150px; width:auto;\" \/><\/div><FIGCAPTION class=\"\" data-alpha=\"5\" style=\"color:#ffffff; background-color:#000000; font-size:140; text-align:left; font-family:Default;\" ><div class=\"grid-gallery-figcaption-wrap\" style=\"\"><\/div><\/FIGCAPTION><\/FIGURE><FIGURE class=\"grid-gallery-caption\" data-grid-gallery-type=\"quarter-slide-up\" data-index=\"7\" style=\"display:none;border-radius:00;; margin:2.65px; height:1500; width:auto;\" ><div class=\"crop\" style=\"\"><img decoding=\"async\" src=\"https:\/\/lapratique.org\/lapratiquebk\/wp-content\/uploads\/2020\/08\/Logo-E\u0301quinoxe-270x150.png\" class=\"ggImg ggNotInitImg\" alt=\"Logo E\u0301quinoxe\" title=\"Logo E\u0301quinoxe\" data-description=\"Logo E\u0301quinoxe\" data-caption=\"Logo E\u0301quinoxe\" data-title=\"Logo E\u0301quinoxe\" style=\" height:150px; width:auto;\" \/><\/div><FIGCAPTION class=\"\" data-alpha=\"5\" style=\"color:#ffffff; background-color:#000000; font-size:140; text-align:left; font-family:Default;\" ><div class=\"grid-gallery-figcaption-wrap\" style=\"\"><\/div><\/FIGCAPTION><\/FIGURE><FIGURE class=\"grid-gallery-caption\" data-grid-gallery-type=\"quarter-slide-up\" data-index=\"8\" style=\"display:none;border-radius:00;; margin:2.65px; height:1500; width:auto;\" ><div class=\"crop\" style=\"\"><img decoding=\"async\" src=\"https:\/\/lapratique.org\/lapratiquebk\/wp-content\/uploads\/2017\/03\/logo-borne-rond-CVdL-1-1-101x150.jpg\" class=\"ggImg ggNotInitImg\" alt=\"logo\" title=\"la borne\" data-description=\"la borne\" data-caption=\" Le Pays O\u00f9 le Ciel est Toujours Bleu \" data-title=\"la borne\" style=\" height:150px; width:auto;\" \/><\/div><FIGCAPTION class=\"\" data-alpha=\"5\" style=\"color:#ffffff; background-color:#000000; font-size:140; text-align:left; font-family:Default;\" ><div class=\"grid-gallery-figcaption-wrap\" style=\"\"><\/div><\/FIGCAPTION><\/FIGURE><FIGURE class=\"grid-gallery-caption\" data-grid-gallery-type=\"quarter-slide-up\" data-index=\"9\" style=\"display:none;border-radius:00;; margin:2.65px; height:1500; width:auto;\" ><div class=\"crop\" style=\"\"><img decoding=\"async\" src=\"https:\/\/lapratique.org\/lapratiquebk\/wp-content\/uploads\/2017\/03\/ciclic_logoNoir-ok.jpg\" class=\"ggImg ggNotInitImg\" alt=\"ciclic_logoNoir-ok\" title=\"ciclic\" data-description=\"ciclic\" data-caption=\"Livre Image Culture Num\u00e9rique en R\u00e9gion Centre\" data-title=\"ciclic\" style=\" height:150px; width:auto;\" \/><\/div><FIGCAPTION class=\"\" data-alpha=\"5\" style=\"color:#ffffff; background-color:#000000; font-size:140; text-align:left; font-family:Default;\" ><div class=\"grid-gallery-figcaption-wrap\" style=\"\"><\/div><\/FIGCAPTION><\/FIGURE> <div class=\"grid-gallery-clearfix\"><\/div> <\/div> <div class=\"gallery-sharing-bottom\"><\/div> <div class=\"grid-gallery-clearfix\"><\/div> <\/div> <!-- Gallery by Supsystic plugin1.15.21 --><a title=\"Wordpress Photo Gallery\" style=\"display:none;\" href=\"https:\/\/supsystic.com\/plugins\/photo-gallery\/?utm_medium=love_link\" target=\"_blank\">Wordpress Photo Gallery<\/a>\n","protected":false},"excerpt":{"rendered":"<p>Qu\u2019ils soient soutiens financiers, partenaires de l\u2019action culturelle ou encore partenaires artistiques, les partenaires de La Pratique, atelier de fabrique artistique &#8211; R\u00e9sidanses pluridisciplinaires &#8211; constituent un soutien essentiel dans la r\u00e9alisation et le d\u00e9veloppement du projet.<\/p>\n","protected":false},"author":2,"featured_media":477,"parent":0,"menu_order":0,"comment_status":"closed","ping_status":"closed","template":"","meta":{"footnotes":""},"_links":{"self":[{"href":"http:\/\/lapratique.org\/lapratiquebk\/index.php?rest_route=\/wp\/v2\/pages\/1434"}],"collection":[{"href":"http:\/\/lapratique.org\/lapratiquebk\/index.php?rest_route=\/wp\/v2\/pages"}],"about":[{"href":"http:\/\/lapratique.org\/lapratiquebk\/index.php?rest_route=\/wp\/v2\/types\/page"}],"author":[{"embeddable":true,"href":"http:\/\/lapratique.org\/lapratiquebk\/index.php?rest_route=\/wp\/v2\/users\/2"}],"replies":[{"embeddable":true,"href":"http:\/\/lapratique.org\/lapratiquebk\/index.php?rest_route=%2Fwp%2Fv2%2Fcomments&post=1434"}],"version-history":[{"count":52,"href":"http:\/\/lapratique.org\/lapratiquebk\/index.php?rest_route=\/wp\/v2\/pages\/1434\/revisions"}],"predecessor-version":[{"id":3719,"href":"http:\/\/lapratique.org\/lapratiquebk\/index.php?rest_route=\/wp\/v2\/pages\/1434\/revisions\/3719"}],"wp:featuredmedia":[{"embeddable":true,"href":"http:\/\/lapratique.org\/lapratiquebk\/index.php?rest_route=\/wp\/v2\/media\/477"}],"wp:attachment":[{"href":"http:\/\/lapratique.org\/lapratiquebk\/index.php?rest_route=%2Fwp%2Fv2%2Fmedia&parent=1434"}],"curies":[{"name":"wp","href":"https:\/\/api.w.org\/{rel}","templated":true}]}}